e 3 - 5 - (-9 - 2). Suppose 7*j + 138 = m*j - 2*t, 5*j = -t + y. What is the greatest common divisor of j and 185?
37
Suppose -r + 716 = 2*f, 2924 + 642 = 5*r + 3*f. What is the greatest common divisor of 16 and r?
8
Let c = 67 + -46. Let v = -359 + 224. Let p = 366 + v. What is the greatest common factor of p and c?
21
Let f(t) = -t**3 - 46*t**2 - 67*t - 875. Let z be f(-45). Let k(c) = 4*c**3 + 1. Let o be k(1). Calculate the highest common divisor of o and z.
5
Suppose -5*g - 25 = -5*s, 65 = 4*s + 5*g + 54. Calculate the greatest common divisor of s and 103.
1
Suppose 4*d = -2*n + 96, 4*d - 41 + 45 = 0. Suppose 28275 = 28*q + 11*q. Calculate the highest common divisor of q and n.
25
Suppose -2*g + 7*g + 82 = -4*x, -3*g + 52 = -2*x. Let q = -630 + 635. Let o = q - x. What is the highest common divisor of 4 and o?
4
Suppose 5*y - 4*g - 479 = 0, 2 - 18 = -4*g. What is the highest common divisor of y and 253?
11
Suppose 4*h - 3*h = 70. Let q = h - 67. Suppose 4*c + 26 = q*p, 0 = 4*p - 5*c - 7 - 27. What is the greatest common divisor of p and 30?
6
Let y = 2823 - 2503. Calculate the highest common factor of 280 and y.
40
Let u(z) = 12772*z + 213. Let g be u(1). Calculate the greatest common divisor of 265 and g.
265
Let x = -18 - -23. Suppose 4*w + 76 = 3*b, 0 = -x*b + 2*w - 0*w + 122. Suppose 0 = -y - y + 48. What is the highest common factor of b and y?
24
Let o = 6607 - 6599. What is the highest common factor of o and 7496?
8
Let l(h) = -149*h**3 - 31*h**2 - 43*h - 11. Let q be l(-1). What is the highest common factor of 138 and q?
6
Let y be (14/(-3))/((960/(-2232))/20). Let s = -50 + 112. What is the highest common divisor of y and s?
31
Suppose -13*a = -7*a - 48. Let b(f) = f**2 - 10*f + 19. Let d be b(a). Let z = d + 37. What is the greatest common divisor of 120 and z?
40
Suppose 928 + 256 = 8*v. Calculate the greatest common factor of v and 8.
4
Let r be (5 + -3)/((-9)/(-117)) + -1. Suppose 0 = r*k + 7184 - 48284. Calculate the highest common factor of k and 12.
12
Let s = -4249 + 5105. What is the highest common factor of s and 2247?
107
Suppose 5*u - 63 = q - 28, 3*q = -2*u - 3. Let y be (-4)/(-2) + 8/2. Suppose y = 3*g - u. What is the highest common divisor of g and 8?
4
Suppose -u - 23 = 61. Let p be (u/105)/(0 + (-4)/10). Suppose 498 = 5*q - x + p*x, 0 = 2*q - 5*x - 210. What is the highest common factor of q and 20?
20
Let k(d) = 18*d**2 + 6. Let w be 3*(-2 - (-2)/2). Let s be k(w). Let o be (-3*30)/(-5) + 4 + -8. Calculate the greatest common factor of s and o.
14
Suppose 656 = 5*l + 4*f, -3*l - 189 = 5*f - 580. Calculate the greatest common factor of l and 176.
44
Let d(t) = 94*t**2 - 40*t + 1. Let r be d(-4). Calculate the greatest common factor of r and 30.
15
Let g = -110 + 176. Suppose -77 - 104 = -o + 5*v, -5*o - 5*v = -875. What is the greatest common factor of o and g?
22
Let u be 3 - -8 - (1 + -1). Let b = u + 1. Suppose 17*a - 15*a - 81 = -3*k, -3*k + 177 = 4*a. What is the greatest common divisor of a and b?
12
Let t be (-1 - (-4)/6) + (-532)/(-57). Let k be -6*(-24)/t - -4. What is the highest common factor of 10 and k?
10
Suppose -116*s + 9 = -115*s. Suppose s*h + 2*h - 110 = 0. Suppose 55 = 5*r - h. Calculate the greatest common divisor of r and 91.
13
Let j(f) = -33*f - 12. Let c be j(-4). Let u = 151 - c. What is the greatest common factor of u and 403?
31
Suppose -28*b = -22*b - 492. Let d = 116 - b. Calculate the highest common divisor of d and 136.
34
Let u be ((-1716)/10)/(-3) - 34/170. What is the greatest common factor of u and 817?
19
Let l be 0 + -1 + (-1284)/(-3). Let g = 28431 - 28424. What is the greatest common factor of g and l?
7
Let d be (-94)/(-10) - 82/205. Let l(i) = i**2 - 9*i + 21. Let y be l(d). What is the greatest common divisor of y and 14?
7
Suppose -2*r = 2*b - 3920, -3232 = -5*r + 3*b + 6568. Calculate the highest common divisor of r and 40.
40
Let o = -4592 + 4597. What is the highest common divisor of 4885 and o?
5
Let r = -1070 + 535. Let s = -367 - r. Calculate the greatest common factor of 210 and s.
42
Let g = 26 + -34. Let y be (2/(g/2))/(15/(-690)). Suppose -5*t + y + 147 = 0. What is the greatest common factor of t and 51?
17
Suppose x - 2*q - 624 = 0, 4*q - 1314 = 5*x - 4434. Let t = 647 - x. What is the greatest common divisor of t and 184?
23
Let b be 7881 + ((-3)/(-9))/(5/(-45)). Calculate the greatest common divisor of b and 26.
26
Let p(j) = -269*j - 1468. Let o be p(-17). What is the greatest common divisor of 230 and o?
115
Let n(d) = -5*d - 1. Suppose -k - 2*k = -21. Let g be n(k). Let c = g - -53. Calculate the highest common factor of c and 153.
17
Suppose f - 45 = 67. Let h(l) = 5*l - 13. Let r be h(4). What is the highest common divisor of f and r?
7
Suppose -4*l + b = -b - 16, -16 = -4*l + 4*b. Let t be (-44)/12 + l - 186/(-9). Let q = 4 + t. Calculate the highest common factor of q and 25.
25
Let g = 46 + -343. Let o = 298 + g. What is the greatest common factor of o and 10?
1
Suppose t - 30 = -t. Let g(w) = -413*w + 3305. Let k be g(8). What is the highest common factor of t and k?
1
Let u(v) = -3*v - 62. Let z = 68 - 90. Let t be u(z). Calculate the highest common factor of 324 and t.
4
Let a be (-1)/(6/1200*-8). Calculate the highest common factor of a and 1025.
25
Suppose -13*k + 99807 = 9*k - 427929. What is the highest common factor of 24 and k?
12
Let q = -99 + 102. Suppose 2*b = 3*x + x + 2, -4*x + 23 = q*b. Calculate the highest common factor of 4 and x.
2
Let w be (-2)/11 - 3094339/(-517). Calculate the greatest common factor of w and 21.
21
Let m(a) = 2*a**2 + 68*a + 2288. Let o be m(-29). Calculate the highest common divisor of 66 and o.
6
Let k = -6508 - -6830. Calculate the greatest common factor of 2674 and k.
14
Let z be (-3 + -9 - 2)/(-1). Suppose -5*v + 28 = y - 5*y, -v = 2*y. Calculate the highest common divisor of z and v.
2
Let o(x) = 78*x**3 - 3*x**2 + 8*x - 5. Let p be o(1). Suppose 10 = 3*r + j, 5*r - j = -0*j + 14. What is the highest common factor of p and r?
3
Let i = 6552 - 6436. What is the greatest common divisor of 29 and i?
29
Suppose 5*l + 2*q = 3*l + 56, 0 = 5*l + 4*q - 142. What is the highest common divisor of 1095 and l?
15
Let g(h) = -28*h**3 - h**2 + 56*h + 104. Let s be g(-2). Calculate the greatest common factor of 3074 and s.
106
Suppose 0*q = 4*q - 348. Suppose -799 = 8*b - q. Let n = 97 + b. Calculate the highest common divisor of n and 2.
2
Let u(n) = -478*n**3 - n**2 + 8*n + 7. Let z be u(-1). What is the greatest common divisor of 204 and z?
68
Let s(q) = 3*q - 46. Let m be s(12). Let v(o) = o**2 + 13*o + 36. Let c be v(m). Calculate the highest common divisor of c and 96.
6
Suppose 4*g - 20 = 0, 0 = 2*x + 2*g + 1 + 3. Let y(u) = u + 7. Let t be y(x). Let m be 3/(-3 - t) + 9/1. Calculate the highest common divisor of 16 and m.
8
Let o be (-24)/((-4)/10 - (-56)/40). Let g be 3*-1*o/36. Suppose 0 = -0*s - g*s - x + 21, -s = -2*x - 13. Calculate the greatest common factor of 88 and s.
11
Let t(w) = 297*w + 2. Let n = -103 + 104. Let s be t(n). What is the highest common divisor of 23 and s?
23
Let y be (-56)/42 - (-2)/(-3) - -152. Suppose 3*w = 2*w + 4, -24 = -2*v + 3*w. Calculate the highest common divisor of y and v.
6
Suppose -18*i + 625 = -689. Suppose 0*t - 43 = -4*t + d, -5*d = 4*t - i. Calculate the highest common divisor of t and 4.
4
Suppose -m + 5*y = 14, -5*m - 3*y - y = -46. Let t be (21 - 2) + 3 + (4 - m). Calculate the highest common divisor of t and 140.
20
Let n be ((-12)/15)/((-9)/23085*6). Suppose n = -6*d + 25*d. Calculate the greatest common divisor of d and 162.
18
Let q(b) = 2*b + 16. Suppose -9*f - 520 = f. Let o be (f/20)/((-4)/20). Let r be q(o). Calculate the greatest common divisor of 6 and r.
6
Suppose -5*k + 492 = p - 2*p, -2*k + 2*p = -200. Let z = -1081 - -1146. Let i = k - z. Calculate the greatest common factor of 66 and i.
33
Suppose 40*r - 14*r = -7540. Let v = -239 - r. What is the highest common factor of 17 and v?
17
Suppose 10*k + 7582 = 4*y + 12*k, 0 = -2*k - 6. What is the greatest common divisor of y and 3523?
271
Suppose 52 + 78 = 2*c. Suppose -256 + 36 = -44*p. Calculate the highest common factor of p and c.
5
Suppose 11*q - 132 = -22*q. Suppose -q*v - 4*a = -36, 5*v - 2